4 = -5*d + n + 10, 2*d + j*n = -4. What is the remainder when (-21)/(-12) + 1/d is divided by 1?
0
Let y(j) = j + 2*j**2 - j**2 + 5*j**2 + j - 2. Calculate the remainder when 76 is divided by y(2).
24
Let m be (3 + 0/1)*54. Calculate the remainder when m/4 - 4/(-8) is divided by 21.
20
Suppose -2*c + 97 = -c. Calculate the remainder when c is divided by 25.
22
Suppose i - 111 = -2*i. Let u = i + -14. Suppose b - 11 + 3 = 0. Calculate the remainder when u is divided by b.
7
Suppose -2*u + 9 = -23. Let k = -6 + 6. Suppose 0*v - 4*v + 24 = k. What is the remainder when u is divided by v?
4
Calculate the remainder when 20/5 - (3 - 132/3) is divided by 29.
16
Let l(s) = -37*s**3 - s. Suppose 0 = 3*w + 4*x - 50, -w - 3*x + 12 = -13. Calculate the remainder when l(-1) is divided by w.
8
Suppose 0*s - 2*s + 54 = 0. Calculate the remainder when (1 - 4) + (-4 - -87) is divided by s.
26
Let q = 68 + -13. Let a(j) = 3*j + 1. Let m be (-14)/(-2) - (-1 - -2). What is the remainder when q is divided by a(m)?
17
Let t(r) = 5*r**2 + 2*r - 1. Let f = -41 - -70. Calculate the remainder when f is divided by t(-2).
14
Suppose -2*r - 3*c = -r + 15, 4*r + 25 = -5*c. Suppose -2*n - 2*p + 6 = -0*p, r = -3*n + 5*p + 33. Calculate the remainder when 17 is divided by n.
5
Suppose 0 = -3*n + 1 - 55. Let i = 27 + n. Suppose 0 = -4*o + t + 23, 3*o - 22 = o + 4*t. What is the remainder when i is divided by o?
4
Let f(v) = -v**3 - 13*v**2 - 14*v - 1. What is the remainder when 68 is divided by f(-12)?
22
Let n(v) = 2*v**3 - v**2 + 2*v - 3. Calculate the remainder when n(2) is divided by 3.
1
Let t = 77 - 47. Suppose -3*h + 21 = -t. Suppose 2*n - 6*n - o + 197 = 0, 0 = 5*n + o - 247. Calculate the remainder when n is divided by h.
16
Suppose 0 = w - 0 - 2, -w = 3*j - 47. Suppose -p + 5 = -j. What is the remainder when p is divided by 11?
9
Suppose -35 = 4*c - 87. Calculate the remainder when (0 - 2)*50/(-4) is divided by c.
12
Let y = -6 - -6. Suppose y = -3*r, -m + r + 3*r = -42. Suppose -m - 3 = -5*b. Calculate the remainder when b is divided by 6.
3
Suppose l + 2 - 5 = 0. Suppose 0 = -g + l*g + 16. Calculate the remainder when 15 is divided by ((-2)/4)/(g/64).
3
Let b(j) = -j**2 - j + 4. What is the remainder when 6 is divided by b(0)?
2
Suppose 0 = l + 16 + 2. Let x = l - -9. Calculate the remainder when 1 is divided by 2/x - (-22)/18.
0
What is the remainder when 72/168 - (-2 - 316/14) is divided by 9?
7
Let k be (3 - (3 - 33)) + -3. Let f = k + -10. Suppose -4*h = -3*z - 53, 4*h + 4*z = -0*z + 32. Calculate the remainder when f is divided by h.
9
Let z = -27 - -41. Let i be 94/z + 4/14. Suppose h - 2*c + 0*c = i, 3*h = 3*c + 15. Calculate the remainder when 11 is divided by h.
2
Suppose -2*h - 2*r + 48 = 0, -4*r = -0*h + 2*h - 52. Calculate the remainder when h is divided by 5.
2
Suppose -2*t = 4*t - 36. Calculate the remainder when (-50)/(-4)*(-8)/(-10) is divided by t.
4
Suppose -4*w + z + 3*z - 228 = 0, -2*z = w + 63. Let k = w + 84. What is the remainder when k is divided by 13?
12
Suppose 0 = -7*f + 5*f + 38. Calculate the remainder when 73 is divided by f.
16
Suppose 9*f - 16 = 47. What is the remainder when 7 is divided by f?
0
Let s(o) be the first derivative of o**3/3 - o**2 + o + 1. Suppose -3*t - 4 = 5. What is the remainder when s(t) is divided by 6?
4
Let o = 8 + 0. Calculate the remainder when (-101)/(-7) - (50/(-14) - -4) is divided by o.
6
What is the remainder when 39 is divided by (-56)/(-9) + 2/(-9)?
3
Let i(f) = f**2 - 5*f - 6. Let c be i(6). Suppose 3*h - l - 38 = -6*l, -2*h - 5*l + 27 = c. Calculate the remainder when 43 is divided by h.
10
Suppose -3*k + 6 = 0, 2 = -3*v + 5*k - 2. Suppose v*o + 54 = -68. Let z = -30 - o. What is the remainder when z is divided by 11?
9
Let t be ((-5)/(-3))/((-1)/(-3)). Suppose 4*r - 4*x - 52 = 0, -2*x + 6*x + 60 = t*r. What is the remainder when 13 is divided by r?
5
Let a = -2 - -5. What is the remainder when 3 is divided by a?
0
Let x = 9 + -5. Suppose -x*i + 24 = -0. Suppose 18 = o + 1. What is the remainder when o is divided by i?
5
Let s(f) = 6*f**3 + 9*f**2 + 5*f - 1. Let g(w) = -5*w**3 - 8*w**2 - 5*w + 1. Let n(r) = 5*g(r) + 4*s(r). Calculate the remainder when n(-4) is divided by 12.
9
Let b(j) = -j**3 + 4*j**2 + 2*j - 1. Let s be 3 - (3 - 3) - 0. Suppose -s = 4*d + 2*l - 41, 5*d - 4*l = 28. Calculate the remainder when b(3) is divided by d.
6
Suppose 2*g - g = 15. Let z = 316 + -272. Calculate the remainder when z is divided by g.
14
Suppose -14 = -2*l + 2. Calculate the remainder when 22*(4 + -3)/1 is divided by l.
6
Let a = 41 - 36. Suppose -46 = -4*g + 2*g. Calculate the remainder when g is divided by 6/(-30) + 61/a.
11
Suppose l + 0*l = 18. Let w be 105/12 - (-2)/8. Calculate the remainder when 62 is divided by l + w/(0 + 3).
20
Let t = 17 + 28. Let l = t - 5. What is the remainder when l is divided by 14?
12
Suppose 0 = 5*p - 7 + 47. Let n be ((-68)/p)/(2/(-4)). Let c = n - -57. What is the remainder when c is divided by 21?
19
Suppose -48 + 340 = 2*i. Calculate the remainder when i is divided by 30.
26
Calculate the remainder when -22*(0 - 6/4) is divided by 9.
6
Suppose 0 = 5*a - w + 1, 2*w + 3*w - 5 = -4*a. Calculate the remainder when 15 is divided by (-4)/(-4) - -8 - a.
6
Calculate the remainder when 2/5 + ((-708)/(-30) - -1) is divided by -1 - 1/((-1)/8).
4
Calculate the remainder when (-237)/(-27) - (-6)/27 is divided by 3.
0
Let g be ((-1)/(-2))/((-6)/(-12)). Let n = 5 - g. What is the remainder when 6 is divided by n?
2
Calculate the remainder when 39 is divided by (-6)/(-9) + 200/15.
11
Let s(l) = l**3 + 24*l**2 + 23*l + 6. What is the remainder when 10 is divided by s(-23)?
4
Let b be 1*6*3/9. Suppose c + b*c = 33. Calculate the remainder when c is divided by 6.
5
Let w(i) = i. Let d be w(3). Suppose 30 = 3*s + d. Let j = 48 + -22. Calculate the remainder when j is divided by s.
8
Let c be (0 + 0)/(5 - 8). Suppose -i + 3*i - 82 = c. Calculate the remainder when i is divided by 11.
8
Let q(g) = 4*g + 4. Let h(i) = 6*i**2 - 19 + 0*i**2 + 19. Let l be h(-1). Calculate the remainder when q(l) is divided by 10.
8
Suppose 1 = 3*j - 5. Suppose -3*i - 6 = l - 25, -j*i + 14 = l. What is the remainder when 7 is divided by l?
3
Suppose 4*i + 6 + 14 = 0. Suppose -3*m + 15 = -12. Let b = m + i. Calculate the remainder when b is divided by 3.
1
Let h(w) = w**3 - 8*w**2 - 7*w - 13. Let g be h(9). Suppose 5*y + 26 - 138 = 2*c, -5*y - g*c = -140. Calculate the remainder when y is divided by 13.
11
Let h(p) = 2*p**3 - p**2 + p. Let j be h(1). Suppose 2*x - 45 = 5*f - 17, 2*f + j*x = 0. What is the remainder when 417/12 + (-1)/f is divided by 12?
11
Let j(f) = f**3 - 12*f**2 + 14*f - 20. Let o = -10 - -33. What is the remainder when o is divided by j(11)?
10
Suppose 0 = 5*w - 3*i - 6, -3*w - 10 = 2*w + 5*i. Let y = w - -8. What is the remainder when (-113)/(-5) - (-4)/10 is divided by y?
7
Let p(q) = 4*q**2 - q + 6. Let m be p(-8). Let n(w) = -6*w - 2. What is the remainder when 6/(-21) + m/14 is divided by n(-2)?
9
Let d be (3/(-4))/(13/(-52)). Suppose o + d*o = 228. What is the remainder when o is divided by 20?
17
Let n = 119 - 113. Calculate the remainder when 10 is divided by n.
4
Suppose -33 = n - 59. Calculate the remainder when n is divided by 9 - (0 + 0) - 2.
5
Let f be -4*-1*(-2 + 3). Suppose 4*m = -5*o + 210, 2*m - 14 = -f. Let y = 19 + -6. Calculate the remainder when o is divided by y.
12
Let s(z) = -18*z - 1. Let r be s(1). Let j = 31 + r. Suppose 122 = 3*m + 4*y, -3*y + 113 + 38 = 4*m. What is the remainder when m is divided by j?
10
Suppose -b - 3*b - 4*y = -36, 0 = 4*y - 8. Calculate the remainder when 68 is divided by b.
5
Let x be (-1 + 1)/2 + 5. Let t(k) = -k**3 + 7*k**2 - 6*k + 1. What is the remainder when t(x) is divided by 44/40*2*5?
10
Let o(z) = z - 10. Let i be o(9). Let h be (2 + i)*(-3 - -7). Suppose h*f - 8 - 16 = 0. Calculate the remainder when 17 is divided by f.
5
Let h = 28 + -20. What is the remainder when (-4 - 0)*69/(-12) is divided by h?
7
Suppose -4*l + 73 = 5*i, -5*i + l - 27 = -115. What is the remainder when i is divided by 5?
2
Let k(u) = -3*u + u**3 - 3*u + 0*u**3 + 4*u**2 + 7. Let p be k(-5). Calculate the remainder when 10 is divided by (-9)/2*p/(-9).
4
What 